{"id":17,"date":"2026-03-16T14:55:45","date_gmt":"2026-03-16T13:55:45","guid":{"rendered":"http:\/\/a4mains.art\/?page_id=17"},"modified":"2026-03-16T14:55:45","modified_gmt":"2026-03-16T13:55:45","slug":"bio","status":"publish","type":"page","link":"http:\/\/a4mains.art\/?page_id=17","title":{"rendered":"Bio"},"content":{"rendered":"\n<p>L&rsquo;exposition \u00ab&nbsp;\u00c0 4 mains&nbsp;\u00bb est une invitation \u00e0 p\u00e9n\u00e9trer dans le monde color\u00e9 et po\u00e9tique de deux artistes aux sensibilit\u00e9s et aux univers compl\u00e9mentaires.<\/p>\n\n\n\n<p>Les peintures cr\u00e9\u00e9es en duo&nbsp; sont le fruit de l&rsquo;alliance entre le f\u00e9minin et le masculin.<br>Exp\u00e9rimentales, abstraites, la quarantaine d&rsquo;\u0153uvres offre un m\u00e9lange de couleurs, o\u00f9 les gestes de l&rsquo;un se prolongent ou se confondent \u00e0 ceux de l&rsquo;autre d&rsquo;une fa\u00e7on naturelle ou provoqu\u00e9e, dans un processus artistique v\u00e9cu comme une exp\u00e9rience humaine hors du commun.<\/p>\n\n\n\n<p>Tour \u00e0 tour douces et explosives, m\u00e9lancoliques et enjou\u00e9es, sugg\u00e9r\u00e9es \u00e0 la main, \u00e0 la spatule ou au couteau, les \u00e9motions transmises par St\u00e9phanie Derou\u00e8che et Bruno Planade sont intens\u00e9ment riches.<\/p>\n\n\n\n<p>Elles donnent ici un souffle singulier et une identit\u00e9 attachante \u00e0 une amiti\u00e9 tout feu tout flamme&nbsp;!<\/p>\n\n\n\n<p><strong>&nbsp;&nbsp;&nbsp;&nbsp;&nbsp;&nbsp;&nbsp;&nbsp;&nbsp;&nbsp;&nbsp; DE L&rsquo;ART ABSTRAIT POUR UNE RENCONTRE BIEN REELLE<\/strong><\/p>\n\n\n\n<p>St\u00e9phanie Derou\u00e8che, jeune artiste \u00e2g\u00e9e de 36 ans, a d\u00e9j\u00e0 eu mille vies. Apr\u00e8s avoir longtemps cherch\u00e9, elle a trouv\u00e9 un \u00e9quilibre il y a quelques ann\u00e9es en d\u00e9couvrant la peinture intuitive et en renouant avec l&rsquo;\u00e9criture. Sensible \u00e0 l\u2019\u00e9panouissement personnel et form\u00e9e \u00e0 diff\u00e9rents outils de mieux-\u00eatre, elle a cr\u00e9\u00e9 \u00ab&nbsp;\u00c9mergence&nbsp;\u00bb, une entreprise par laquelle elle transmet des ondes positives et cherche \u00e0 \u00e9veiller les consciences.<\/p>\n\n\n\n<p>Bruno Planade, quant \u00e0 lui, d\u00e9ploie un univers color\u00e9 t\u00e9moignant d\u2019une \u00e9nergie et d\u2019une vitalit\u00e9 propre \u00e0 la fugacit\u00e9 du mouvement. Ses \u0153uvres jouent et se jouent des codes au profit d\u2019une expression lib\u00e9r\u00e9e de toutes limites, d\u2019un art repositionn\u00e9 dans notre quotidien, \u00e0 la port\u00e9e de tous.<\/p>\n\n\n\n<p>Intuitives et port\u00e9es par l&rsquo;inspiration du moment pr\u00e9sent, remplies d&rsquo;\u00e9motions et de non-conformisme, les pratiques artistiques de St\u00e9phanie Derou\u00e8che et de Bruno Planade trouvent avec l&rsquo;exposition \u00ab&nbsp;\u00c0 4 mains&nbsp;\u00bb le prolongement d&rsquo;une rencontre faite au printemps 2021&#8230; et sans doute une apoth\u00e9ose&nbsp;!<\/p>\n\n\n\n<p><\/p>\n","protected":false},"excerpt":{"rendered":"<p>L&rsquo;exposition \u00ab&nbsp;\u00c0 4 mains&nbsp;\u00bb est une invitation \u00e0 p\u00e9n\u00e9trer dans le monde color\u00e9 et po\u00e9tique de deux artistes aux sensibilit\u00e9s et aux univers compl\u00e9mentaires. Les peintures cr\u00e9\u00e9es en duo&nbsp; sont le fruit de l&rsquo;alliance entre le f\u00e9minin et le masculin.Exp\u00e9rimentales, abstraites, la quarantaine d&rsquo;\u0153uvres offre un m\u00e9lange de couleurs, o\u00f9 les gestes de l&rsquo;un se &hellip; <a href=\"http:\/\/a4mains.art\/?page_id=17\" class=\"more-link\">Continuer la lecture de <span class=\"screen-reader-text\">Bio<\/span><\/a><\/p>\n","protected":false},"author":1,"featured_media":0,"parent":0,"menu_order":0,"comment_status":"closed","ping_status":"closed","template":"","meta":{"footnotes":""},"class_list":["post-17","page","type-page","status-publish","hentry"],"_links":{"self":[{"href":"http:\/\/a4mains.art\/index.php?rest_route=\/wp\/v2\/pages\/17","targetHints":{"allow":["GET"]}}],"collection":[{"href":"http:\/\/a4mains.art\/index.php?rest_route=\/wp\/v2\/pages"}],"about":[{"href":"http:\/\/a4mains.art\/index.php?rest_route=\/wp\/v2\/types\/page"}],"author":[{"embeddable":true,"href":"http:\/\/a4mains.art\/index.php?rest_route=\/wp\/v2\/users\/1"}],"replies":[{"embeddable":true,"href":"http:\/\/a4mains.art\/index.php?rest_route=%2Fwp%2Fv2%2Fcomments&post=17"}],"version-history":[{"count":1,"href":"http:\/\/a4mains.art\/index.php?rest_route=\/wp\/v2\/pages\/17\/revisions"}],"predecessor-version":[{"id":18,"href":"http:\/\/a4mains.art\/index.php?rest_route=\/wp\/v2\/pages\/17\/revisions\/18"}],"wp:attachment":[{"href":"http:\/\/a4mains.art\/index.php?rest_route=%2Fwp%2Fv2%2Fmedia&parent=17"}],"curies":[{"name":"wp","href":"https:\/\/api.w.org\/{rel}","templated":true}]}}